
What are the prime factors of 830942?
2, 7, 61, 139
What are the prime factors of 91999?
197, 467
List the prime factors of 7045640.
2, 5, 7, 25163
List the prime factors of 624092.
2, 7, 31, 719
What are the prime factors of 491800?
2, 5, 2459
List the prime factors of 308687.
467, 661
List the prime factors of 257233.
71, 3623
List the prime factors of 5440257.
3, 201491
What are the prime factors of 23488552?
2, 2936069
What are the prime factors of 1726789?
227, 7607
What are the prime factors of 749805?
3, 5, 7, 37, 193
What are the prime factors of 13798?
2, 6899
What are the prime factors of 23648304?
2, 3, 492673
What are the prime factors of 43875238?
2, 11, 263, 7583
What are the prime factors of 1059265?
5, 23, 61, 151
List the prime factors of 632434.
2, 11, 17, 19, 89
List the prime factors of 382457.
382457
List the prime factors of 757436.
2, 23, 8233
List the prime factors of 4538694.
2, 3, 17, 44497
What are the prime factors of 7505684?
2, 19, 61, 1619
List the prime factors of 10104382.
2, 1117, 4523
List the prime factors of 34447274.
2, 17223637
What are the prime factors of 3173294?
2, 1586647
What are the prime factors of 218470?
2, 5, 7, 3121
What are the prime factors of 8105384?
2, 7, 23, 29, 31
What are the prime factors of 184399?
17, 10847
What are the prime factors of 14203668?
2, 3, 683, 1733
List the prime factors of 458126.
2, 157, 1459
What are the prime factors of 14568556?
2, 29, 125591
List the prime factors of 2358009.
3, 127, 2063
List the prime factors of 1999654.
2, 139, 7193
What are the prime factors of 254731?
254731
What are the prime factors of 425965?
5, 85193
What are the prime factors of 58231?
58231
List the prime factors of 2205599.
11, 43, 4663
What are the prime factors of 3553364?
2, 191, 4651
What are the prime factors of 1389142?
2, 694571
List the prime factors of 5299594.
2, 19, 89, 1567
List the prime factors of 506501.
506501
What are the prime factors of 236568?
2, 3, 9857
What are the prime factors of 1743450?
2, 3, 5, 59, 197
List the prime factors of 32896013.
1231, 26723
What are the prime factors of 38783?
38783
List the prime factors of 1622476.
2, 43, 9433
List the prime factors of 2736726.
2, 3, 439, 1039
What are the prime factors of 181430?
2, 5, 18143
What are the prime factors of 383939?
23, 16693
What are the prime factors of 1303232?
2, 7, 2909
List the prime factors of 4288207.
7, 11, 55691
List the prime factors of 819657.
3, 61, 1493
List the prime factors of 638153.
19, 33587
What are the prime factors of 316078?
2, 7, 107, 211
List the prime factors of 6287663.
2459, 2557
List the prime factors of 799857.
3, 88873
List the prime factors of 24804735.
3, 5, 61, 27109
List the prime factors of 8246896.
2, 7, 67, 157
List the prime factors of 17106.
2, 3, 2851
What are the prime factors of 5993347?
83, 163, 443
What are the prime factors of 403543?
7, 57649
List the prime factors of 2360770.
2, 5, 236077
List the prime factors of 104174.
2, 7, 1063
List the prime factors of 1775489.
1775489
What are the prime factors of 7965687?
3, 73, 36373
What are the prime factors of 1940103?
3, 11, 19597
What are the prime factors of 4467620?
2, 5, 223381
List the prime factors of 13430419.
13430419
List the prime factors of 3264576.
2, 3, 7, 347
List the prime factors of 4933702.
2, 2466851
List the prime factors of 526346.
2, 89, 2957
What are the prime factors of 3035677?
3035677
List the prime factors of 847998.
2, 3, 47111
What are the prime factors of 141724?
2, 11, 3221
List the prime factors of 19923263.
1787, 11149
What are the prime factors of 2840477?
23, 123499
List the prime factors of 1789488.
2, 3, 17, 43
What are the prime factors of 647266?
2, 23, 14071
List the prime factors of 787483.
787483
List the prime factors of 3623305.
5, 7, 23, 643
What are the prime factors of 102447?
3, 11383
List the prime factors of 69121.
13, 409
List the prime factors of 479990.
2, 5, 7, 6857
What are the prime factors of 77118?
2, 3, 12853
What are the prime factors of 19352384?
2, 23, 13147
What are the prime factors of 16677857?
7, 41, 58111
List the prime factors of 4710561.
3, 23, 233, 293
List the prime factors of 395197.
11, 37, 971
What are the prime factors of 18723318?
2, 3, 31, 43, 2341
List the prime factors of 529027.
529027
List the prime factors of 13012876.
2, 3253219
List the prime factors of 74030.
2, 5, 11, 673
List the prime factors of 232001.
7, 11, 23, 131
List the prime factors of 7174290.
2, 3, 5, 89, 2687
What are the prime factors of 18710757?
3, 13, 5923
What are the prime factors of 1314931?
1063, 1237
What are the prime factors of 2116088?
2, 13, 20347
List the prime factors of 1683928.
2, 210491
List the prime factors of 219343.
43, 5101
List the prime factors of 712482.
2, 3, 118747
What are the prime factors of 209376?
2, 3, 727
List the prime factors of 323197.
7, 46171
List the prime factors of 10946503.
31, 271, 1303
List the prime factors of 4380660.
2, 3, 5, 24337
What are the prime factors of 1191639?
3, 29, 13697
List the prime factors of 6268474.
2, 251, 12487
What are the prime factors of 14032198?
2, 7016099
What are the prime factors of 14299656?
2, 3, 7, 47, 1811
List the prime factors of 374094.
2, 3, 7, 2969
List the prime factors of 97086.
2, 3, 11, 1471
What are the prime factors of 1371596?
2, 342899
What are the prime factors of 275881?
275881
List the prime factors of 507358.
2, 253679
What are the prime factors of 1068576?
2, 3, 11131
List the prime factors of 7500057.
3, 769, 3251
What are the prime factors of 2765556?
2, 3, 29, 883
What are the prime factors of 662799?
3, 220933
List the prime factors of 29307277.
29307277
What are the prime factors of 9219494?
2, 4609747
List the prime factors of 453139.
37, 331
What are the prime factors of 12723581?
13, 409, 2393
What are the prime factors of 1282981?
7, 183283
List the prime factors of 17266496.
2, 13, 20753
What are the prime factors of 1852773?
3, 13, 47507
What are the prime factors of 33315275?
5, 7, 127, 1499
List the prime factors of 500482.
2, 29, 8629
List the prime factors of 771885.
3, 5, 17, 1009
What are the prime factors of 37771?
107, 353
List the prime factors of 122160.
2, 3, 5, 509
List the prime factors of 1898104.
2, 13, 18251
List the prime factors of 345071.
29, 73, 163
What are the prime factors of 8661000?
2, 3, 5, 2887
List the prime factors of 192238.
2, 277, 347
List the prime factors of 2918438.
2, 19, 76801
What are the prime factors of 130921?
7, 59, 317
What are the prime factors of 736391?
23, 101, 317
What are the prime factors of 6666815?
5, 19, 70177
What are the prime factors of 1024605?
3, 5, 22769
What are the prime factors of 139488?
2, 3, 1453
What are the prime factors of 31894233?
3, 7, 1518773
What are the prime factors of 1869101?
13, 61, 2357
List the prime factors of 52757.
52757
List the prime factors of 207579.
3, 69193
What are the prime factors of 421846?
2, 210923
List the prime factors of 272316.
2, 3, 11, 2063
List the prime factors of 262151.
262151
What are the prime factors of 10045660?
2, 5, 43, 11681
List the prime factors of 90141.
3, 30047
List the prime factors of 104121.
3, 23, 503
What are the prime factors of 1425497?
1425497
What are the prime factors of 98011?
98011
What are the prime factors of 555928?
2, 69491
What are the prime factors of 1087605?
3, 5, 24169
List the prime factors of 230215.
5, 41, 1123
List the prime factors of 4294123.
23, 186701
List the prime factors of 3290013.
3, 365557
What are the prime factors of 3115092?
2, 3, 43, 6037
List the prime factors of 193451.
193451
What are the prime factors of 230177?
37, 6221
What are the prime factors of 724086?
2, 3, 11, 23, 53
What are the prime factors of 160836?
2, 3, 13, 1031
What are the prime factors of 2598855?
3, 5, 7, 53, 467
List the prime factors of 443716.
2, 7, 13, 23, 53
List the prime factors of 2339744.
2, 11, 17, 23
List the prime factors of 18547811.
67, 276833
What are the prime factors of 752182?
2, 17, 22123
List the prime factors of 91053.
3, 67, 151
What are the prime factors of 1304082?
2, 3, 13, 5573
What are the prime factors of 1477953?
3, 19, 43, 67
What are the prime factors of 1277193?
3, 17, 79, 317
List the prim